hat is the thousands digit of 11554?
1
What is the units digit of 5551?
1
What is the hundreds digit of 10852?
8
What is the tens digit of 2296?
9
What is the tens digit of 2605?
0
What is the thousands digit of 1696?
1
What is the ten thousands digit of 41187?
4
What is the units digit of 3451?
1
What is the units digit of 2422?
2
What is the hundreds digit of 1405?
4
What is the thousands digit of 1437?
1
What is the hundreds digit of 9221?
2
What is the units digit of 2297?
7
What is the tens digit of 3035?
3
What is the tens digit of 57?
5
What is the units digit of 12104?
4
What is the units digit of 24?
4
What is the tens digit of 45530?
3
What is the units digit of 1209?
9
What is the units digit of 62510?
0
What is the units digit of 908?
8
What is the hundreds digit of 47424?
4
What is the units digit of 74?
4
What is the hundreds digit of 3829?
8
What is the hundreds digit of 31281?
2
What is the thousands digit of 43082?
3
What is the tens digit of 250?
5
What is the tens digit of 156?
5
What is the tens digit of 14884?
8
What is the tens digit of 7621?
2
What is the tens digit of 6785?
8
What is the tens digit of 2378?
7
What is the tens digit of 1149?
4
What is the units digit of 35910?
0
What is the hundreds digit of 35075?
0
What is the tens digit of 165?
6
What is the tens digit of 2305?
0
What is the tens digit of 19478?
7
What is the hundreds digit of 96350?
3
What is the ten thousands digit of 16227?
1
What is the tens digit of 8406?
0
What is the hundreds digit of 62285?
2
What is the ten thousands digit of 165322?
6
What is the ten thousands digit of 19666?
1
What is the tens digit of 809?
0
What is the units digit of 8854?
4
What is the tens digit of 6371?
7
What is the tens digit of 30102?
0
What is the tens digit of 332?
3
What is the units digit of 5253?
3
What is the units digit of 716?
6
What is the thousands digit of 33265?
3
What is the hundreds digit of 4981?
9
What is the hundreds digit of 6937?
9
What is the tens digit of 46122?
2
What is the hundreds digit of 454?
4
What is the units digit of 48512?
2
What is the units digit of 8400?
0
What is the tens digit of 4840?
4
What is the thousands digit of 3559?
3
What is the tens digit of 14573?
7
What is the hundreds digit of 4356?
3
What is the thousands digit of 7711?
7
What is the hundreds digit of 768?
7
What is the thousands digit of 103800?
3
What is the thousands digit of 10451?
0
What is the units digit of 1513?
3
What is the ten thousands digit of 30468?
3
What is the hundreds digit of 39477?
4
What is the thousands digit of 14202?
4
What is the units digit of 3837?
7
What is the hundreds digit of 773?
7
What is the hundreds digit of 30876?
8
What is the units digit of 21068?
8
What is the hundreds digit of 1613?
6
What is the tens digit of 1106?
0
What is the hundreds digit of 1151?
1
What is the thousands digit of 1435?
1
What is the thousands digit of 31400?
1
What is the units digit of 2201?
1
What is the hundreds digit of 9641?
6
What is the ten thousands digit of 16899?
1
What is the hundreds digit of 566?
5
What is the units digit of 61746?
6
What is the hundreds digit of 775?
7
What is the tens digit of 867?
6
What is the ten thousands digit of 200475?
0
What is the hundreds digit of 14406?
4
What is the hundreds digit of 5541?
5
What is the hundreds digit of 10381?
3
What is the hundreds digit of 814?
8
What is the hundreds digit of 855?
8
What is the hundreds digit of 2976?
9
What is the ten thousands digit of 29910?
2
What is the tens digit of 1950?
5
What is the tens digit of 955?
5
What is the units digit of 368?
8
What is the units digit of 25373?
3
What is the tens digit of 464?
6
What is the tens digit of 72022?
2
What is the thousands digit of 11399?
1
What is the units digit of 2224?
4
What is the units digit of 38829?
9
What is the ten thousands digit of 11357?
1
What is the thousands digit of 30570?
0
What is the hundreds digit of 6906?
9
What is the hundreds digit of 18237?
2
What is the units digit of 50136?
6
What is the tens digit of 585?
8
What is the hundreds digit of 1858?
8
What is the hundreds digit of 5561?
5
What is the units digit of 1260?
0
What is the thousands digit of 30353?
0
What is the tens digit of 9755?
5
What is the units digit of 480?
0
What is the tens digit of 5066?
6
What is the units digit of 764?
4
What is the tens digit of 4380?
8
What is the tens digit of 2341?
4
What is the tens digit of 1640?
4
What is the tens digit of 622?
2
What is the thousands digit of 2501?
2
What is the units digit of 37386?
6
What is the tens digit of 10422?
2
What is the ten thousands digit of 45534?
4
What is the hundreds digit of 2494?
4
What is the units digit of 2249?
9
What is the ten thousands digit of 19942?
1
What is the hundreds digit of 14882?
8
What is the units digit of 723?
3
What is the units digit of 329?
9
What is the thousands digit of 2144?
2
What is the ten thousands digit of 43172?
4
What is the thousands digit of 2542?
2
What is the hundreds digit of 2460?
4
What is the tens digit of 19483?
8
What is the units digit of 415?
5
What is the thousands digit of 54196?
4
What is the ten thousands digit of 14121?
1
What is the ten thousands digit of 76689?
7
What is the hundreds digit of 551?
5
What is the units digit of 2607?
7
What is the hundreds digit of 1194?
1
What is the ten thousands digit of 24980?
2
What is the thousands digit of 7787?
7
What is the units digit of 52169?
9
What is the tens digit of 66252?
5
What is the thousands digit of 1174?
1
What is the ten thousands digit of 11115?
1
What is the hundreds digit of 42546?
5
What is the thousands digit of 129496?
9
What is the tens digit of 855?
5
What is the hundreds digit of 2848?
8
What is the hundreds digit of 32319?
3
What is the units digit of 627?
7
What is the hundreds digit of 15358?
3
What is the thousands digit of 25100?
5
What is the tens digit of 1251?
5
What is the units digit of 4548?
8
What is the hundreds digit of 3067?
0
What is the units digit of 9765?
5
What is the hundreds digit of 35193?
1
What is the ten thousands digit of 119574?
1
What is the thousands digit of 1972?
1
What is the tens digit of 919?
1
What is the hundreds digit of 5492?
4
What is the units digit of 33055?
5
What is the tens digit of 88762?
6
What is the tens digit of 6568?
6
What is the hundreds digit of 4247?
2
What is the units digit of 82?
2
What is the thousands digit of 3804?
3
What is the thousands digit of 12242?
2
What is the hundreds digit of 5634?
6
What is the thousands digit of 1381?
1
What is the thousands digit of 6347?
6
What is the thousands digit of 2626?
2
What is the ten thousands digit of 78213?
7
What is the units digit of 61135?
5
What is the tens digit of 10006?
0
What is the thousands digit of 1522?
1
What is the hundreds digit of 8700?
7
What is the hundreds digit of 45023?
0
What is the thousands digit of 2005?
2
What is the units digit of 40008?
8
What is the thousands digit of 2124?
2
What is the ten thousands digit of 68838?
6
What is the units digit of 3400?
0
What is the thousands digit of 3069?
3
What is the tens digit of 1675?
7
What is the thousands digit of 73237?
3
What is the hundreds digit of 1484?
4
What is the thousands digit of 1377?
1
What is the tens digit of 1920?
2
What is the units digit of 87?
7
What is the units digit of 5358?
8
What is the hundreds digit of 7797?
7
What is the units digit of 137416?
6
What is the units digit of 5184?
4
What is the hundreds digit of 3109?
1
What is the hundreds digit of 91889?
8
What is the units digit of 4788?
8
What is the thousands digit of 20826?
0
What is the units digit of 2529?
9
What is the hundreds digit of 111410?
4
What is the thousands digit of 1921?
1
What is the tens digit of 8009?
0
What is the hundreds digit of 5778?
7
What is the thousands digit of 11607?
1
What is the ten thousands digit of 51508?
5
What is the hundreds digit of 13319?
3
What is the thousands digit of 44853?
4
What is the tens digit of 89?
8
What is the hundred thousands digit of 119787?
1
What is the tens digit of 1098?
9
What is the thousands digit of 2618?
2
What is the units digit of 330?
0
What is the units digit of 2829?
9
What is the hundreds digit of 54306?
3
What is the thousands digit